+ 115. Let p(a) = 8*r(a) + 3*s(a). Determine p(16).
-7
Let j(b) = -3*b - 59. Let x(f) = 63*f + 108. Let h be x(-2). Determine j(h).
-5
Let o(z) = -z**3 - z**2 - 2*z. Let g = 106 - 87. Suppose 0 = -2*v + g - 15. Calculate o(v).
-16
Let z(f) be the first derivative of f**6/120 + f**4/24 - 5*f**3/2 + 10*f**2 - 3*f + 45. Let b(o) be the second derivative of z(o). Calculate b(0).
-15
Let m = 0 + 1. Let c(f) be the first derivative of -f + 154 - 1/2*f**2. Determine c(m).
-2
Let f(u) be the third derivative of u**7/2520 - u**6/90 - 2*u**5/3 + u**2 - 74. Let p(q) be the third derivative of f(q). Calculate p(0).
-8
Suppose 0 = -3*v - 24 + 9. Let z(r) = -r**3 - 5*r**2 + 2*r. Let x(d) = -d**3 - 5*d**2 + d. Let q(m) = v*z(m) + 6*x(m). Let l be 14/(-21)*18/4. Calculate q(l).
-6
Let y(q) be the second derivative of -q**5/20 + 7*q**4/12 + q**3 + 2*q**2 + q - 20. Suppose 16 = 5*n - 3*n. Calculate y(n).
-12
Let l(i) = 4*i - 10. Let k be l(3). Let g(b) = b**2 + 1 + b + b**2 - 2*b**2 - 3*b**k. Give g(-1).
-3
Let i be (-9 + -1)*(-1)/2. Let j(o) be the first derivative of -4/3*o**3 + 1/4*o**4 + 4*o - 2*o**2 + 91. Give j(i).
9
Let m(f) = f**3 - 6*f**2 - 3*f + 9. Let i = -3907 - -3913. What is m(i)?
-9
Let f(k) = -4*k**2 + k + 1. Suppose -6*y + 14 = 4*w - 3*y, w = 3*y - 4. Let h(r) = -3*r**2 + r + 1. Let x(n) = w*h(n) - 3*f(n). Calculate x(2).
21
Let q(o) = 2*o - 4. Let z(a) be the first derivative of 17*a**3/3 - 69*a**2/2 + 2*a + 246. Let u be z(4). Give q(u).
-8
Let x(k) = 2*k**2 - 9*k - 8. Let g(i) = 58*i - 4*i**2 + i**2 - 44*i + 11. Let a(b) = -5*g(b) - 7*x(b). Determine a(6).
-5
Suppose 4*q - 3 = 3*n - 2*n, -6 = -5*n - q. Let z(i) = 5 + 9*i - 5 - 1 - 33*i + 19*i. Determine z(n).
-6
Let g(x) = x**2 + 114*x + 61. Let y(o) = -2*o**2 - 150*o - 81. Let q(z) = 9*g(z) + 7*y(z). Determine q(-4).
-2
Let k(x) = 4*x**2 - 4*x - 2. Let i(v) = 564*v + 5078. Let s be i(-9). Calculate k(s).
6
Let w(i) = i - 2. Let g(s) = s - 2. Let z(n) = -5*g(n) + 4*w(n). Let y = -55 + 40. Let u be (-5)/y*1*6. Calculate z(u).
0
Let i = -54 - -36. Let g(y) = y**2 + 19*y + 21. Let r be g(i). Let f(z) = -z**2 + 4*z. Give f(r).
3
Suppose -5*w - 3*b = 27, -2*w - 3*b = -4*w + 6. Let f(k) = -5*k - 1056. Let q(a) = 19*a + 4048. Let m(c) = -23*f(c) - 6*q(c). Determine m(w).
-3
Let q(u) = -u**3 - 6*u**2 - 6*u + 8. Let v = 654 - 659. Give q(v).
13
Let a(g) = 24744*g - 12357*g - 12384*g + 1 + g**3 - 4*g**2. Suppose 7 - 3 = h. What is a(h)?
13
Let r be (-1232)/70*10/(-4). Let t(c) = c**2 + 24 - 2*c - r + 16 + 5*c. Give t(-3).
-4
Let b be 4/(20/(-3))*-85. Let y = 55 - b. Suppose 0 = -y*d + d + 18. Let u(a) = -a**2 + 4*a + 1. What is u(d)?
-11
Suppose 2*o - 20 = 32. Suppose 2*p - o = 4*c, 3*c + 0*p + 2*p = -30. Let n(h) = -63*h + 9. Let m(q) = -347*q + 45. Let k(y) = -2*m(y) + 11*n(y). Calculate k(c).
1
Let n(c) = -3*c**2 + 8*c - 14. Suppose -b = -3*y - 3, 3*b - 107*y + 108*y - 9 = 0. Give n(b).
-17
Let a(d) = 38 - 123*d - 63 + 42 + 112*d. Give a(2).
-5
Let i(k) = k**2 + 11*k + 5. Let m = 1843 - 1850. Give i(m).
-23
Let t = -98 - -114. Suppose -5 = -4*l + 15, b + 4*l = t. Let u(x) be the first derivative of -x**4/4 - 4*x**3/3 + x**2/2 + 3*x + 2. Calculate u(b).
-1
Let m(g) be the second derivative of -g**3/6 + 12*g**2 + 1204*g. What is m(16)?
8
Let m(y) = -1 - 3 + y**3 + 647171*y**2 - 3*y - 647172*y**2. Give m(4).
32
Suppose -24 = 4*l - 0. Let j be 22/14 - l/14. Let o(u) = 2*u**j + 2*u**2 - 5*u**2 + u + 1. Determine o(-3).
-11
Let l(t) = t + 1. Suppose 344 = 5*y - v - 303, -653 = -5*y + 4*v. Let h = y - 126. What is l(h)?
4
Let d(p) = -p**2 - 8*p. Suppose 2*j - 24 = 8*j. Let r(v) = -1. Let l(b) = j*r(b) - d(b). Let z be l(-6). Let k(q) = q**3 + 9*q**2 + 7*q - 5. Give k(z).
3
Suppose -115 = 20*w - 435. Let h(m) = -m**2 - 17*m + 526. Determine h(w).
-2
Let f = -34 - -50. Let s be (1 - 14/8)/(f/128). Let l be (3 - -2)*(-5)/(75/s). Let q(o) = 2*o**2 - 2*o + 3. Determine q(l).
7
Suppose 115*g + 274 + 301 = 0. Let s(m) = m**3 + 7*m**2 + 3*m + 7. Determine s(g).
42
Let x(q) = -95*q**2 + 3*q - 2. Let z be (1/(6/(-5)) + 1)*(-36)/(-6). Calculate x(z).
-94
Let i(k) = -k**2 + 4*k - 38. Let p(f) = 5*f + 1. Let g(u) = i(u) + p(u). What is g(8)?
-29
Let l(o) be the first derivative of -7*o**3/3 + o**2/2 + 2*o + 5758. Give l(-1).
-6
Let c(g) = -10*g + 30. Let n be 102/(-6) + -2 + 23. Determine c(n).
-10
Let l(a) be the second derivative of a**4/12 - 4*a**3/3 + 11*a**2/2 + a. Suppose 64*b - 4849 = -30193. Let m = b + 404. What is l(m)?
11
Let b = -1657 + 1668. Let w(l) = -l**3 + 11*l**2 + 12*l - 19. Give w(b).
113
Let s(w) = 3 - 58*w**2 + 378*w - 194*w - 184*w. Suppose -5*l + 0 = -5, 0 = 3*t + l - 16. Let u(p) = 39*p**2 - 2. Let j(a) = t*s(a) + 7*u(a). Calculate j(1).
-16
Let b(i) = 2*i**2 - 11*i - 68. Let h = -9054 - -9063. Give b(h).
-5
Suppose 4*l + 2*t - 375 = -381, -3*l + 5*t = -41. Let i(s) = s + 26. Calculate i(l).
28
Let w(d) be the second derivative of -2*d**3 - 5*d**2 - 2438*d. Give w(3).
-46
Let m(r) be the third derivative of 1/3*r**3 + 0 - 7/24*r**4 + 0*r + r**2. Let w = 4 - 2. Calculate m(w).
-12
Suppose 0 = 9*q + 1366 - 1402. Let d(o) = -3*o**2 + 90*o - 2 + 5 - 186*o + 88*o + q*o**2. Let v be (1*2)/(1/3). Determine d(v).
-9
Let y(x) = -36*x**2 - 2*x - 3. Let f = 3361 + -3363. Give y(f).
-143
Let m(s) = -37*s**2 + 38*s**2 + 21*s - 4 - 2*s + 31 + 11. Give m(-12).
-46
Let m = 34 + -26. Let q be (1 - -3)*10/m. Suppose a = 12 - q. Let k(u) = -u**3 + 8*u**2 - 6*u - 2. What is k(a)?
5
Let w(d) = -2*d**2 + 2*d + 1. Suppose 0 = -5*k + 2*y + 342 - 339, 9 = 3*k - 3*y. Give w(k).
-3
Let o(g) = 31*g**3 - 24*g**2 - 9*g + 46. Let z(v) = 5*v**3 - 2*v**2 - v + 1. Let x(d) = o(d) - 6*z(d). Give x(12).
4
Let p(u) be the third derivative of -5/24*u**4 + 0 + 8*u**2 + 1/3*u**3 - 1/10*u**5 - 1/120*u**6 + 4*u. Calculate p(-4).
-10
Let l(v) = -6*v**2 + 3*v**3 - 4*v**3 + v**2 + 2*v. Let q = -75 - -235. Suppose -9*z - q = 23*z. Determine l(z).
-10
Let n(t) = t**3 - t**2 - 2*t - 1. Let c = 33 - 28. Let b(s) = -c*s + 2*s**2 - s**3 + 0 + 2*s + 6*s + 2. Let l(r) = 4*b(r) + 5*n(r). Give l(-2).
3
Suppose 0 = -4*g + 4 + 4. Let f(o) = -34*o + 42. Let d be f(-28). Let w(u) = -u - 497 - 495 + d. What is w(g)?
0
Suppose 5*a + 12 = 3*t + 64, 36 = 4*a - t. Suppose -3*d + 3*x = -d - a, -x = 2. Let o(r) = -22*r**2 - 1. Determine o(d).
-23
Let q(c) = c**3 - 7*c**2 - 3*c + 10. Let y be 48/(-8) + (3 - 2). Let o be 90*(-6 - y) + 0 + 0. Let v = o - -97. What is q(v)?
-11
Let r(a) = -4*a**2 - 13*a - 12. Let c(m) = 2*m**2 + 9*m + 9. Let z(k) = -7*c(k) - 5*r(k). Calculate z(2).
25
Suppose -5*s - 45 = -5*w, 2*s - 5*w = -10 - 17. Let z(q) = -6 - 51*q**2 - 5 + 52*q**2 + 7*q + 9. What is z(s)?
-8
Suppose 5*p = 6*p + 1. Let t(o) = 932*o - 1 + 2*o**2 - o**3 - 932*o. What is t(p)?
2
Let h(d) be the third derivative of 3*d**4/4 + 19*d**3/3 - 46*d**2 - 7*d + 2. Give h(-7).
-88
Let o(h) = -h**3 - 4*h**2 - h + 4. Suppose 18*c - 20*c + 4 = 0. Suppose c*a - 3 - 1 = 0. Suppose -a*y = -6 + 14. Give o(y).
8
Let v(p) be the third derivative of -5/3*p**3 + 0*p + 1/60*p**5 + 0 - 7*p**2 - 1/4*p**4. Determine v(7).
-3
Let o(m) = 3*m + 1. Let j be (1 - 9/((-18)/(-20)))*-24. Let g be ((-2)/(-4))/(4/j). Suppose 7*v + 2*v = -g. Calculate o(v).
-8
Let y(b) = -3*b - 3481 - 8*b - b**2 + 3469. Let v = 51 + -61. Determine y(v).
-2
Let h(d) = 2*d - 3. Suppose 8*r = 2*r + 12. Suppose 2*b + l - 36 = 0, -r*l - 26 = -2*b + 2*l. Suppose 0 = -4*w - 3 - b. Give h(w).
-13
Suppose -531 = 2*v - 513. Let r(x) = 2*x**2 + 25*x + 52. Let i be r(v). Let l(n) = -4*n - 16. Determine l(i).
28
Let l(s) = 12*s - 2. Let u be (-1)/(3*1/(-2124)). Let g = u - 707. Calculate l(g).
10
Let z(x) = x**2 - 6*x + 4. Let j = -51 - -50. Let v be (-3)/((-4 + 5)/j). Suppose -h + 3*i = -2, 0 - 3 = -v*i. Give z(h).
-1
Let b = 132 - 92. Suppose 4*h - 9*h - b = 0. Let g(x) be the third derivative of -x**4/24 - 13*x**3/6 - 7*x**2. Calculate g(h).
-5
Suppose 0 = -5*a + 3 + 2, -1 = g - 4*a. Let i be g/1 + 99 + 8/(-4). Let v = -94 + i. Let d(u) = -u**2 + 5*u - 4. Calculate d(v).
-10
Let h(o) = 160 - 1398*o + 1403*o - 2. Let a be h(-32). Let b(c) = -2*c - 8. What is b(a)?
-4
Let a(g) = 2*g**2 - 15*g + 25. Suppose 40 = 13*k - 9*k + k. What is a(k)?
33
Let f(v) = -v**3 + 7*v**2 - v - 16. Let n be f(8). Let y = -84 - n. Let x(p) 